 remainder when 162 is divided by u.
30
Suppose -3*v - 2*g = -32 + 4, -3*v + 33 = -3*g. What is the remainder when 43 + 1 - (v + -7) is divided by 11?
8
Suppose -2*v - p - 1 = 0, -2*v - 2*p + 8 = 2*p. What is the remainder when 273 is divided by (v + -205)*(-3)/9?
66
Let d(m) = m**3 + 6*m**2 + 3*m - 5. Suppose 0 = 3*r - r. Suppose -s + 4*q + 14 = r, q = s - 4*s + 55. What is the remainder when s is divided by d(-5)?
3
Let h(q) = -34*q + 146. Let g(v) = -11*v + 49. Let o(p) = 14*g(p) - 5*h(p). Calculate the remainder when o(7) is divided by 23 + -4 + 1*-1.
14
Let y = 6 + 30. Calculate the remainder when 11 is divided by 1/4 + 21*3/y.
1
Suppose -2*i + 3*d + 20 = 0, -3*d = -9*i + 6*i + 33. Let h(y) = 20*y**3 + 4*y - 1 - 21*y**3 + y**2 + 12*y**2. What is the remainder when h(13) is divided by i?
12
Suppose 4*w - 16 = -4*g, -5*g - 17 = -3*w - 3*g. Suppose 2*r = 4*p - 14, -p - w*r = -3*p + 3. What is the remainder when 6 is divided by p?
2
Calculate the remainder when (3 + 25/(-10))*238 is divided by 22.
9
What is the remainder when 6903/15 - 63/(-35) is divided by 9?
3
Suppose -3*j = -2*j + 4*t - 184, 4*t + 536 = 3*j. Calculate the remainder when j is divided by 27.
18
Suppose -198 = -5*w - 33. Let z(a) = 8*a - 7. What is the remainder when w is divided by z(2)?
6
Calculate the remainder when 212/(-6)*-9 + 4 is divided by 19.
18
Suppose 0 = j - 123 + 110. What is the remainder when 36 is divided by j?
10
Suppose 0 = 3*n - 4*n. Suppose n = h + 4*p - 75, 3*p = -2*h + 81 + 54. Calculate the remainder when h is divided by 22.
19
Let h(k) = -k**2 + 6*k + 2. Let q(t) = -t**2 - 4*t + 10. Let c be q(-5). Calculate the remainder when h(c) is divided by 5.
2
Suppose m + 20 = 116. What is the remainder when m is divided by 25?
21
Let w be (4 + 475/(-10))/(3/(-6)). Let m = 88 - w. Calculate the remainder when m is divided by (4/(-6))/((-2)/3).
0
Let n(j) = -2*j**3 - 31*j**2 + 16*j + 32. What is the remainder when 190 is divided by n(-16)?
30
Let o = -15 + 44. Suppose 4*r = 3*n - 154, 0 = -5*n - 0*n - 3*r + 276. Calculate the remainder when n is divided by o.
25
Suppose 78*w = 2*w + 684. What is the remainder when 43 is divided by w?
7
Suppose -39*y + 41*y - 2720 = 0. Suppose 4*n - 2*n - y = -5*j, 0 = -j - n + 275. What is the remainder when j is divided by 34?
32
Let b be 2*1*(-243)/(-54). Let k(g) = g**2 - 10*g + 16. What is the remainder when k(b) is divided by 2?
1
Let d = -294 - -339. What is the remainder when 125 is divided by d?
35
Suppose -w - 23 = -109. What is the remainder when w is divided by (-1)/(2/29)*(-8 + 6)?
28
Suppose 3*h - 2*d - 19 = 0, h + 2*d = -7 - 0. Suppose -2*g = 5*x - 65, 4*x + 4*g = h*x - 5. Calculate the remainder when 28 is divided by x.
13
Let r = -2308 - -2458. Calculate the remainder when r is divided by 31.
26
Let b = 1111 - 968. Calculate the remainder when b is divided by 36.
35
Calculate the remainder when (-2)/(-11) - 3626*(-7)/154 is divided by 93.
72
Let c(k) = k**3 - 9*k**2 + 9*k - 11. Let s be c(8). What is the remainder when (0 - -1)/(96/93 - 1) is divided by s/3*-17 - 1?
15
Suppose -10*q + 24 = 2*q. Suppose 56 = q*x - 2*h + 6*h, 152 = 5*x + 4*h. Calculate the remainder when x is divided by 9.
5
Let x(z) = -z**2 + 13*z - 1. Suppose -4*a - 20 = 0, 2*m + 3*a - 52 = -9. Let s = m + -19. Calculate the remainder when x(s) is divided by 6.
5
Suppose -y = -3*y - 96. Suppose -22 + 100 = d + x, 0 = -d + 4*x + 73. Let l = y + d. Calculate the remainder when 144 is divided by l.
28
Let o(r) = -r**2 + 2*r**2 + 9 - 17*r + 3*r. What is the remainder when o(16) is divided by 11?
8
Let l(x) = -x**3 + 12*x**2 - 11*x + 5. What is the remainder when 42 is divided by l(11)?
2
Let j(v) = -4*v**3 - 5*v**2 + 6*v + 6. Let u be j(-3). Suppose 58 = u*p - 49*p. What is the remainder when p is divided by 15?
14
Suppose 3*u + 72 = 5*d, d = -5*u + 2*u. Suppose 8*f = 20 + d. Suppose -f*h + 74 = -2. Calculate the remainder when h is divided by 11.
8
Let a(u) = 3*u**2 + 11*u + 14. Let n(s) = 2*s**2 - 1. Let k(f) = a(f) - 2*n(f). Let w = -6 + 17. What is the remainder when 46 is divided by k(w)?
14
Suppose -2*o - 23 = -3*o. Let w = o + -45. Let n = -10 - w. Calculate the remainder when 31 is divided by n.
7
Let u(a) = 4*a - 1. Let x = 25 + -24. Let z be u(x). What is the remainder when 25 is divided by 6 + 18/z + -3?
7
Let g = -13 - 13. Let l(m) = m**3 + 2*m**2 + m + 3. Let p be l(-3). Let i = p - g. What is the remainder when 48 is divided by i?
14
Calculate the remainder when (-9)/((-36)/230)*(-8)/(-10) is divided by 13.
7
Let n be ((-2)/(-2))/(1/79). Let a = -56 + n. Calculate the remainder when a is divided by 5.
3
Calculate the remainder when 393 is divided by (((-4)/(-6))/2)/(96/9504).
30
Let o = -14 - -49. Let b = -35 - -44. Calculate the remainder when o is divided by b.
8
Let p = -5 + 9. Suppose 0 + 44 = p*q. Suppose 5*w - 49 = q. What is the remainder when w is divided by 8?
4
Suppose -160 + 48 = -4*p. Suppose -35*o = -p*o - 154. Suppose -c - 2*y = -0*c, 5*c - y = 33. Calculate the remainder when o is divided by c.
4
Suppose -2*g - 2*z + 168 = 2*z, -12 = -3*z. What is the remainder when g is divided by 40?
36
Let x(n) = n**3 - 21*n**2 - 16*n - 97. Calculate the remainder when 76 is divided by x(22).
6
Let c(j) = -84*j + 7. Let m(k) = -k. Let p(u) = -c(u) + 4*m(u). Calculate the remainder when p(2) is divided by 31.
29
Suppose -7*k - 60 + 39 = 0. Calculate the remainder when 5 is divided by (-2 + 5)*(-2)/k.
1
Let i = -1683 - -1714. Calculate the remainder when 371 is divided by i.
30
Let m be ((-4)/10)/((-7)/(-1085)). Calculate the remainder when 125 is divided by (-1)/2*(m + -2).
29
Let s(f) = -5*f + 6. Let r be s(-7). Suppose 3*w = 34 + r. What is the remainder when w is divided by 14?
11
Let v(z) = -z**3 - 3*z**2 - 2*z + 1. Suppose -2*i + 26 = -4*i. Let y = i - -10. Calculate the remainder when 12 is divided by v(y).
5
Suppose 0 = 2*a - 10*a + 1024. Suppose 89 - a = -3*i. What is the remainder when 33 is divided by i?
7
Let p = 3 - 1. Suppose -2*d + 2 = 2*b - 4*b, -5*d - p*b = -26. Suppose -n = -5*n - 3*v + d, -16 = n + 5*v. What is the remainder when 6 is divided by n?
2
Calculate the remainder when (0/(-6) - -2) + 225 is divided by 46.
43
Let v(q) = -2*q**2 - 55*q + 5. What is the remainder when v(-6) is divided by 54?
47
Let v = 264 + -5. What is the remainder when v is divided by 26?
25
Let p be 349/(-7) + (-4)/28. Let h = 83 - p. What is the remainder when h is divided by 34?
31
What is the remainder when ((-4)/(-6))/((-7)/(-1911)) is divided by 23?
21
Let r(m) = -m**2 + 8*m + 6. Suppose 0*v = x + v - 12, -50 = -5*x - 3*v. What is the remainder when ((-4)/(-2))/((-2)/(-37)) is divided by r(x)?
11
Calculate the remainder when 83 is divided by (15 + 0 + 0)/((-16)/(-32)).
23
Let n be (-6534)/(-81) + (-2)/3. Let i = n - 55. What is the remainder when 97 is divided by i?
22
Let v(t) = -3*t + 107. Calculate the remainder when 46 is divided by v(28).
0
Calculate the remainder when 183/((4/3)/(16/36)) is divided by -2 - (1 + -32 - 2).
30
Let z be (-1)/(-2) - (-6)/4. Suppose 2*m - 268 = -z*m. Calculate the remainder when m is divided by 18.
13
Suppose -46*r + 47*r - 190 = 0. Calculate the remainder when r is divided by 12.
10
Suppose 0 = -310*v + 319*v - 1521. What is the remainder when v is divided by (-34)/(-2*3/6)?
33
Suppose 0 = -4*w + 3*i + 463, 0 = 3*i + 2*i + 5. What is the remainder when w is divided by 51?
13
Let d(z) = 3*z**2 - 4*z + 7. Let n = 36 - 4. Calculate the remainder when n is divided by d(2).
10
Let r = -387 - -423. What is the remainder when 71 is divided by r?
35
Let k(p) be the first derivative of 10 + 2/3*p**3 + 0*p**2 - p - 7*p**4. Calculate the remainder when 84 is divided by k(-1).
26
Let i = 63 + -51. Calculate the remainder when i is divided by 3.
0
Let l(z) = -1 + 4*z + 8 - 1 + 2*z**2. Let v be -7 + ((-6)/1 - -9). Calculate the remainder when 63 is divided by l(v).
19
Let n(q) = q**3 + 13*q**2 + 14*q - 6. Let h be n(-12). Calculate the remainder when 56 is divided by 1/(-2) - 615/h.
16
Let h(w) = -w**2 - 11*w - 10. Let q be h(-4). Suppose 16 = 2*p - q. Suppose -s + 0*s + 15 = -2*a, -3*s + p = a. Calculate the remainder when 13 is divided by s.
6
Let p be 5*(-5)/(-25)*-15. Calculate the remainder when 28 is di